{"id":3596,"date":"2026-04-22T14:27:54","date_gmt":"2026-04-22T17:27:54","guid":{"rendered":"https:\/\/apalabrar.com.ar\/web\/?page_id=3596"},"modified":"2026-04-23T09:07:51","modified_gmt":"2026-04-23T12:07:51","slug":"formacion-y-capacitacion","status":"publish","type":"page","link":"https:\/\/apalabrar.com.ar\/web\/formacion-y-capacitacion\/","title":{"rendered":"Formaci\u00f3n y Capacitaci\u00f3n"},"content":{"rendered":"\n<h3 class=\"wp-block-heading has-text-align-center\">Formaci\u00f3n y Capacitaci\u00f3n<\/h3>\n\n\n<div data-spectra-id=\"spectra-moabjle9-gepy2o\"\tstyle=\"overflow: visible;\" class=\"spectra-is-root-container alignfull spectra-overlay-color spectra-overflow wp-block-spectra-container\" data-orientation=\"vertical\"\t>\n\t\n<div data-spectra-id=\"spectra-moabjnwd-z7rnar\" style=\"overflow: visible\" class=\"spectra-overlay-color spectra-overflow wp-block-spectra-container\" data-orientation=\"vertical\">\n\t\n\n<figure data-spectra-id=\"spectra-moabjrcx-ft5n6o\" class=\"wp-block-image size-full\"><img loading=\"lazy\" decoding=\"async\" width=\"720\" height=\"1018\" src=\"https:\/\/apalabrar.com.ar\/web\/wp-content\/uploads\/2026\/04\/smdct.jpeg\" alt=\"\" class=\"wp-image-3598\" srcset=\"https:\/\/apalabrar.com.ar\/web\/wp-content\/uploads\/2026\/04\/smdct.jpeg 720w, https:\/\/apalabrar.com.ar\/web\/wp-content\/uploads\/2026\/04\/smdct-212x300.jpeg 212w\" sizes=\"auto, (max-width: 720px) 100vw, 720px\" \/><\/figure>\n\n\n<div data-spectra-id=\"spectra-moac9ypq-zxay0z\" class=\"wp-block-button spectra-buttons wp-block-spectra-buttons\">\n\t\n<a data-spectra-id=\"spectra-moac9yub-rmxkoe\" href=\"https:\/\/share.google\/ArBFWgY12iBmiznMR\" target=\"_self\" aria-label=\"Inscribite haciendo click ac\u00e1\" class=\"wp-block-button__link wp-element-button wp-block-spectra-button\">\n<div class=\"spectra-button__link\">Inscribite haciendo click ac\u00e1<\/div><\/a>\n\n<\/div>\n\n<\/div>\n\n\n<div data-spectra-id=\"spectra-moabjnwg-dq89eg\" style=\"overflow: visible\" class=\"spectra-overlay-color spectra-overflow wp-block-spectra-container\" data-orientation=\"vertical\">\n\t\n\n<figure data-spectra-id=\"spectra-moablphd-mve8ib\" class=\"wp-block-image size-full\"><img loading=\"lazy\" decoding=\"async\" width=\"682\" height=\"954\" src=\"https:\/\/apalabrar.com.ar\/web\/wp-content\/uploads\/2026\/04\/eeliesmcc.jpeg\" alt=\"\" class=\"wp-image-3616\" srcset=\"https:\/\/apalabrar.com.ar\/web\/wp-content\/uploads\/2026\/04\/eeliesmcc.jpeg 682w, https:\/\/apalabrar.com.ar\/web\/wp-content\/uploads\/2026\/04\/eeliesmcc-214x300.jpeg 214w\" sizes=\"auto, (max-width: 682px) 100vw, 682px\" \/><\/figure>\n\n\n<div data-spectra-id=\"spectra-moac9u0v-su9umb\" class=\"wp-block-button spectra-buttons wp-block-spectra-buttons\">\n\t\n<a data-spectra-id=\"spectra-moac9u5k-uosm35\" href=\"https:\/\/docs.google.com\/forms\/d\/e\/1FAIpQLScIBiNZrSlhb_X6Z5U2KyTUZH6E-xOjzytj9gXsGVwNI-jSsw\/viewform\" target=\"_self\" aria-label=\"Inscribite haciendo click ac\u00e1\" class=\"wp-block-button__link wp-element-button wp-block-spectra-button\">\n<div class=\"spectra-button__link\">Inscribite haciendo click ac\u00e1<\/div><\/a>\n\n<\/div>\n\n<\/div>\n\n<\/div>\n\n\n<div data-spectra-id=\"spectra-mobfpv2q-295i0r\" style=\"display: flex; justify-content: center; \" class=\"wp-block-spectra-separator wp-block-spectra-separator\">\n\t<div class=\"spectra-separator-line\" style=\"margin-left: auto; margin-right: auto; background-color: currentColor; \"><\/div>\n<\/div>\n\n\n<div data-spectra-id=\"spectra-aae30283-8226-4597-ae5b-f50e5532f852\"\tstyle=\"overflow: visible;\" class=\"spectra-is-root-container alignfull spectra-overlay-color spectra-overflow wp-block-spectra-container\" data-orientation=\"vertical\"\t>\n\t\n<div data-spectra-id=\"spectra-67dfdd3a-7996-448a-8e67-acd759f78b1f\" style=\"overflow: visible\" class=\"spectra-overlay-color spectra-overflow wp-block-spectra-container\" data-orientation=\"vertical\">\n\t\n\n<figure data-spectra-id=\"spectra-b137d726-9846-46c7-a7c5-ba057d339cb6\" class=\"wp-block-image size-full\"><img loading=\"lazy\" decoding=\"async\" width=\"505\" height=\"513\" src=\"https:\/\/apalabrar.com.ar\/web\/wp-content\/uploads\/2026\/04\/conve25.jpeg\" alt=\"\" class=\"wp-image-3617\" srcset=\"https:\/\/apalabrar.com.ar\/web\/wp-content\/uploads\/2026\/04\/conve25.jpeg 505w, https:\/\/apalabrar.com.ar\/web\/wp-content\/uploads\/2026\/04\/conve25-295x300.jpeg 295w\" sizes=\"auto, (max-width: 505px) 100vw, 505px\" \/><\/figure>\n\n\n<div data-spectra-id=\"spectra-010f9a1c-0b99-497b-8b7f-d341cceb1bcd\" class=\"wp-block-button spectra-buttons wp-block-spectra-buttons\">\n\t<\/div>\n\n\n\n<p class=\"has-text-align-center\">\u27a1\ufe0f <strong>Para unirte al #ConversatorioMP25M &#8220;La salud mental desde una perspectiva cooperativa. Contexto social y pol\u00edtico&#8221; en Google\u00a0Meet, hac\u00e9 clic en este v\u00ednculo:<\/strong><br><a href=\"https:\/\/meet.google.com\/jcj-nkwy-wkr\">https:\/\/meet.google.com\/jcj-nkwy-wkr<\/a><\/p>\n\n\n\n<p class=\"has-text-align-center\">\u27a1\ufe0f <strong>O abr\u00ed Meet y escrib\u00ed este c\u00f3digo:<\/strong> jcj-nkwy-wkr<\/p>\n\n\n\n<p class=\"has-text-align-center\">\ud83d\udccc <strong>Lorena Duva:<\/strong> Cooperativista, Pedagoga y Educadora Social, T\u00e9cnica Universitaria en ESS, Tesorera de Cooperativa Apalabrar, Miembro de FEMA.<\/p>\n\n\n\n<p class=\"has-text-align-center\">\ud83d\udccc <strong>Aixa Uzubiaga Vale:<\/strong> AT, Psic\u00f3loga Social, S\u00edndica Cooperativa Apalabrar, Trabajadora del Estado.<\/p>\n\n\n\n<p class=\"has-text-align-center\">\ud83d\udccc <strong>Mariana Pacheco<\/strong>: Licenciada en Psicolog\u00eda (UBA), Presidenta Cooperativa Apalabrar y Secretaria Cooperativa de Inclusi\u00f3n Sociolaboral La Huella.<\/p>\n\n<\/div>\n\n<\/div>\n\n\n\n<p><\/p>\n","protected":false},"excerpt":{"rendered":"<p>Formaci\u00f3n y Capacitaci\u00f3n<\/p>\n","protected":false},"author":1,"featured_media":0,"parent":0,"menu_order":0,"comment_status":"closed","ping_status":"closed","template":"","meta":{"_uag_custom_page_level_css":"","site-sidebar-layout":"default","site-content-layout":"","ast-site-content-layout":"default","site-content-style":"default","site-sidebar-style":"default","ast-global-header-display":"","ast-banner-title-visibility":"","ast-main-header-display":"","ast-hfb-above-header-display":"","ast-hfb-below-header-display":"","ast-hfb-mobile-header-display":"","site-post-title":"disabled","ast-breadcrumbs-content":"","ast-featured-img":"","footer-sml-layout":"","ast-disable-related-posts":"","theme-transparent-header-meta":"","adv-header-id-meta":"","stick-header-meta":"","header-above-stick-meta":"","header-main-stick-meta":"","header-below-stick-meta":"","astra-migrate-meta-layouts":"set","ast-page-background-enabled":"default","ast-page-background-meta":{"desktop":{"background-color":"var(--ast-global-color-4)","background-image":"","background-repeat":"repeat","background-position":"center center","background-size":"auto","background-attachment":"scroll","background-type":"","background-media":"","overlay-type":"","overlay-color":"","overlay-opacity":"","overlay-gradient":""},"tablet":{"background-color":"","background-image":"","background-repeat":"repeat","background-position":"center center","background-size":"auto","background-attachment":"scroll","background-type":"","background-media":"","overlay-type":"","overlay-color":"","overlay-opacity":"","overlay-gradient":""},"mobile":{"background-color":"","background-image":"","background-repeat":"repeat","background-position":"center center","background-size":"auto","background-attachment":"scroll","background-type":"","background-media":"","overlay-type":"","overlay-color":"","overlay-opacity":"","overlay-gradient":""}},"ast-content-background-meta":{"desktop":{"background-color":"var(--ast-global-color-5)","background-image":"","background-repeat":"repeat","background-position":"center center","background-size":"auto","background-attachment":"scroll","background-type":"","background-media":"","overlay-type":"","overlay-color":"","overlay-opacity":"","overlay-gradient":""},"tablet":{"background-color":"var(--ast-global-color-5)","background-image":"","background-repeat":"repeat","background-position":"center center","background-size":"auto","background-attachment":"scroll","background-type":"","background-media":"","overlay-type":"","overlay-color":"","overlay-opacity":"","overlay-gradient":""},"mobile":{"background-color":"var(--ast-global-color-5)","background-image":"","background-repeat":"repeat","background-position":"center center","background-size":"auto","background-attachment":"scroll","background-type":"","background-media":"","overlay-type":"","overlay-color":"","overlay-opacity":"","overlay-gradient":""}},"_joinchat":[],"footnotes":""},"class_list":["post-3596","page","type-page","status-publish","hentry"],"uagb_featured_image_src":{"full":false,"thumbnail":false,"medium":false,"medium_large":false,"large":false,"1536x1536":false,"2048x2048":false},"uagb_author_info":{"display_name":"Apalabrar","author_link":"https:\/\/apalabrar.com.ar\/web\/author\/apalabrar\/"},"uagb_comment_info":0,"uagb_excerpt":"Formaci\u00f3n y Capacitaci\u00f3n","_links":{"self":[{"href":"https:\/\/apalabrar.com.ar\/web\/wp-json\/wp\/v2\/pages\/3596","targetHints":{"allow":["GET"]}}],"collection":[{"href":"https:\/\/apalabrar.com.ar\/web\/wp-json\/wp\/v2\/pages"}],"about":[{"href":"https:\/\/apalabrar.com.ar\/web\/wp-json\/wp\/v2\/types\/page"}],"author":[{"embeddable":true,"href":"https:\/\/apalabrar.com.ar\/web\/wp-json\/wp\/v2\/users\/1"}],"replies":[{"embeddable":true,"href":"https:\/\/apalabrar.com.ar\/web\/wp-json\/wp\/v2\/comments?post=3596"}],"version-history":[{"count":0,"href":"https:\/\/apalabrar.com.ar\/web\/wp-json\/wp\/v2\/pages\/3596\/revisions"}],"wp:attachment":[{"href":"https:\/\/apalabrar.com.ar\/web\/wp-json\/wp\/v2\/media?parent=3596"}],"curies":[{"name":"wp","href":"https:\/\/api.w.org\/{rel}","templated":true}]}}